tors of 11293067.
11293067
What are the prime factors of 5622379?
7, 43, 18679
What are the prime factors of 817365?
3, 5, 29, 1879
What are the prime factors of 247600?
2, 5, 619
List the prime factors of 611234.
2, 13, 23509
List the prime factors of 222230.
2, 5, 71, 313
What are the prime factors of 443089?
443089
List the prime factors of 19859341.
59, 336599
What are the prime factors of 16135265?
5, 797, 4049
List the prime factors of 1010495.
5, 202099
What are the prime factors of 1264271?
1264271
What are the prime factors of 15360908?
2, 3840227
What are the prime factors of 643095?
3, 5, 31, 461
What are the prime factors of 1509255?
3, 5, 11, 3049
What are the prime factors of 76856?
2, 13, 739
What are the prime factors of 1316442?
2, 3, 219407
What are the prime factors of 384704?
2, 6011
What are the prime factors of 18584813?
13, 1429601
List the prime factors of 107599.
107599
What are the prime factors of 1833310?
2, 5, 19, 9649
List the prime factors of 27919372.
2, 13, 17, 31583
List the prime factors of 1649740.
2, 5, 82487
List the prime factors of 5364274.
2, 317, 8461
List the prime factors of 1814906.
2, 41, 22133
What are the prime factors of 1714499?
1714499
List the prime factors of 852868.
2, 213217
List the prime factors of 154317.
3, 51439
What are the prime factors of 7414?
2, 11, 337
What are the prime factors of 135673?
211, 643
What are the prime factors of 3373790?
2, 5, 7, 48197
What are the prime factors of 2855695?
5, 439, 1301
List the prime factors of 5461140.
2, 3, 5, 91019
List the prime factors of 26035572.
2, 3, 2169631
List the prime factors of 7010950.
2, 5, 281, 499
What are the prime factors of 389835?
3, 5, 8663
What are the prime factors of 2051110?
2, 5, 205111
List the prime factors of 74796.
2, 3, 23, 271
List the prime factors of 9969221.
9969221
List the prime factors of 364125.
3, 5, 971
List the prime factors of 5479150.
2, 5, 109583
List the prime factors of 1156230.
2, 3, 5, 29, 443
What are the prime factors of 177082?
2, 37, 2393
What are the prime factors of 1095724?
2, 7, 39133
List the prime factors of 798956.
2, 199739
What are the prime factors of 178987?
178987
What are the prime factors of 5350686?
2, 3, 11, 81071
What are the prime factors of 3609031?
19, 189949
List the prime factors of 1272740.
2, 5, 7, 9091
What are the prime factors of 72499?
7, 10357
List the prime factors of 1999835.
5, 73, 5479
List the prime factors of 6785340.
2, 3, 5, 113089
What are the prime factors of 35541?
3, 11, 359
What are the prime factors of 13314661?
223, 59707
What are the prime factors of 315682?
2, 157841
List the prime factors of 696477.
3, 31, 7489
What are the prime factors of 808341?
3, 211, 1277
List the prime factors of 4081880.
2, 5, 11, 9277
List the prime factors of 292880.
2, 5, 7, 523
What are the prime factors of 10649081?
37, 287813
What are the prime factors of 11980896?
2, 3, 37, 3373
List the prime factors of 2141796.
2, 3, 17, 10499
What are the prime factors of 262880?
2, 5, 31, 53
What are the prime factors of 33986?
2, 16993
What are the prime factors of 1126690?
2, 5, 307, 367
List the prime factors of 383111.
23, 16657
List the prime factors of 724839.
3, 41, 71, 83
List the prime factors of 6213271.
79, 78649
List the prime factors of 19045743.
3, 173, 36697
List the prime factors of 10060765.
5, 11, 13, 14071
What are the prime factors of 59618?
2, 13, 2293
What are the prime factors of 4478455?
5, 895691
List the prime factors of 6018132.
2, 3, 501511
List the prime factors of 833802.
2, 3, 138967
List the prime factors of 2160325.
5, 86413
What are the prime factors of 158936?
2, 19867
What are the prime factors of 16137043?
13, 167, 7433
List the prime factors of 1367137.
1367137
List the prime factors of 97195.
5, 7, 2777
List the prime factors of 7163225.
5, 349, 821
List the prime factors of 6921972.
2, 3, 47, 4091
What are the prime factors of 14108447?
1993, 7079
List the prime factors of 3219379.
19, 23, 53, 139
What are the prime factors of 107519?
79, 1361
What are the prime factors of 2803887?
3, 19, 863
List the prime factors of 167453.
11, 13, 1171
List the prime factors of 2736758.
2, 97, 14107
What are the prime factors of 1754244?
2, 3, 37, 439
List the prime factors of 162458.
2, 29, 2801
What are the prime factors of 1393982?
2, 696991
What are the prime factors of 10641287?
53, 200779
List the prime factors of 6410372.
2, 19, 84347
List the prime factors of 13290668.
2, 17, 241, 811
What are the prime factors of 921064?
2, 115133
What are the prime factors of 7188390?
2, 3, 5, 11, 53, 137
What are the prime factors of 610272?
2, 3, 13, 163
What are the prime factors of 5053192?
2, 23, 29, 947
What are the prime factors of 118066?
2, 13, 19, 239
List the prime factors of 708855.
3, 5, 7, 43, 157
What are the prime factors of 442244?
2, 11, 19, 23
List the prime factors of 18343.
13, 17, 83
What are the prime factors of 4414000?
2, 5, 2207
List the prime factors of 45502.
2, 22751
What are the prime factors of 191748?
2, 3, 19, 29
What are the prime factors of 3531030?
2, 3, 5, 117701
List the prime factors of 334347.
3, 13, 8573
List the prime factors of 863272.
2, 29, 61
List the prime factors of 4106487.
3, 7, 11, 29, 613
What are the prime factors of 17004302?
2, 7, 1214593
What are the prime factors of 24261320?
2, 5, 23, 26371
What are the prime factors of 20605813?
20605813
What are the prime factors of 725241?
3, 11, 21977
What are the prime factors of 288469?
61, 4729
What are the prime factors of 172143?
3, 31, 617
List the prime factors of 9843172.
2, 23, 97, 1103
List the prime factors of 1105715.
5, 13, 17011
What are the prime factors of 538667?
47, 73, 157
What are the prime factors of 11983696?
2, 748981
What are the prime factors of 266900?
2, 5, 17, 157
What are the prime factors of 372073?
13, 28621
What are the prime factors of 610852?
2, 11, 13883
What are the prime factors of 2484639?
3, 359, 769
What are the prime factors of 1659139?
59, 61, 461
What are the prime factors of 13065331?
19, 211, 3259
List the prime factors of 6741901.
6741901
What are the prime factors of 681814?
2, 7, 31, 1571
List the prime factors of 906270.
2, 3, 5, 17, 1777
List the prime factors of 2883414.
2, 3, 480569
What are the prime factors of 28200482?
2, 439, 32119
List the prime factors of 351952.
2, 21997
What are the prime factors of 30136241?
37, 814493
List the prime factors of 3346347.
3, 1115449
What are the prime factors of 2167467?
3, 722489
List the prime factors of 37712.
2, 2357
List the prime factors of 363443.
17, 21379
What are the prime factors of 1199822?
2, 13, 46147
What are the prime factors of 590501?
19, 31079
List the prime factors of 3953791.
3953791
What are the prime factors of 48469?
19, 2551
List the prime factors of 5579211.
3, 11, 169067
List the prime factors of 43384019.
7, 6197717
What are the prime factors of 431391?
3, 143797
List the prime factors of 162007.
162007
List the prime factors of 7184549.
37, 277, 701
What are the prime factors of 15683856?
2, 3, 37, 8831
What are the prime factors of 5540092?
2, 1385023
List the prime factors of 3403278.
2, 3, 43, 4397
List the prime factors of 3386003.
557, 6079
List the prime factors of 25095158.
2, 11, 103699
What are the prime factors of 2233805?
5, 7, 63823
List the prime factors of 25966552.
2, 163, 19913
What are the prime factors of 4415931?
3, 13, 23, 547
List the prime factors of 8913.
3, 2971
List the prime factors of 6705039.
3, 11, 203183
What are the prime factors of 2521443?
3, 79, 10639
What are the prime factors of 23847313?
7, 3406759
What are the prime factors of 35039372?
2, 8759843
List the prime factors of 356926.
2, 179, 997
List the prime factors of 40103.
7, 17, 337
What are the prime factors of 2546385?
3, 5, 53, 3203
List the prime factors of 3493832.
2, 436729
List the prime factors of 510009.
3, 170003
What are the prime factors of 1026641?
7, 11, 67, 199
List the prime factors of 84761.
84761
What are the prime factors of 14837227?
79, 293, 641
List the prime factors of 1209779.
1209779
What are the prime factors of 2199835?
5, 11, 23, 37, 47
What are the prime factors of 53294?
2, 26647
What are the prime factors of 4595199?
